*2 - 14*a + 5. What are the prime factors of w(-9)?
293
Suppose 5*q - 20 = 0, -5*q + 7*q = -i + 422. What are the prime factors of i?
2, 3, 23
Suppose -3*d + 294 = 3*d. Let w = 90 - d. List the prime factors of w.
41
Let a be 2/4*-1*4. What are the prime factors of 21/a*(-4 + 2)?
3, 7
Suppose -2*x + x = -g - 13, -5*g = 2*x + 79. Let i = 29 + g. What are the prime factors of i?
2, 7
Suppose 4*z - 8*z + 292 = l, -l - 152 = -2*z. What are the prime factors of z?
2, 37
Suppose -3*a + 59 = -4*r, -2*a = r + 3*r - 46. What are the prime factors of a?
3, 7
List the prime factors of 4/(-3)*(-27)/2.
2, 3
Suppose v + 6 = 3*t - 8, -5*t - 10 = 5*v. Let x be 0*((-6)/4)/3. Suppose 4*n - t*n - 2 = x. List the prime factors of n.
2
Suppose 92 + 44 = 2*n. Let w = n + -21. List the prime factors of w.
47
Let u(z) = -z**2 - 8*z + 1. Let s be u(-7). Suppose -2*i + s = -4. What are the prime factors of i?
2, 3
Let l(y) = -y**3 + 13*y**2 + 15*y - 9. Let r(p) = -p**2 + 10*p - 2. Let k be r(8). What are the prime factors of l(k)?
5
Suppose 3*d = d + 96. What are the prime factors of d?
2, 3
Suppose -5*s + 4*s + 148 = 0. What are the prime factors of s?
2, 37
Suppose 5*o + y - 61 = 154, -69 = -2*o + 3*y. List the prime factors of o.
2, 3, 7
Suppose 3*u + k - 60 = 0, -6 = -0*k + 2*k. What are the prime factors of u?
3, 7
Suppose 0*k - 3 = -k. Suppose 56 = 5*q + 5*m - 4, q - k*m = 4. Suppose 2*a - 28 = q. What are the prime factors of a?
19
Suppose 0 = -8*n + 10*n + 12. List the prime factors of (-18)/12*80/n.
2, 5
Let w(k) = k**3 - 15*k**2 - 13*k + 10. List the prime factors of w(16).
2, 29
Let c be 35/10*-1*6. Let j = -6 - c. What are the prime factors of j?
3, 5
Suppose -4*m - 24 = -h, 32 + 19 = 3*h - 5*m. Let j(u) = -u + 11. Let b be j(8). What are the prime factors of (2/b)/(h/270)?
3, 5
Suppose -1331 = -6*y + 115. What are the prime factors of y?
241
Let i be ((-2)/1 + 0)/(-2). Let d be 5 - 0 - i/1. Suppose t - 7 = x - 0*x, -d*t = -2*x - 18. List the prime factors of t.
2
Let p(g) = 3*g - 21. List the prime factors of p(10).
3
Suppose -4*z = -3*u + z - 14, 4*z - 24 = -4*u. Let m(h) = 7*h**2 - h - 2. List the prime factors of m(u).
2, 3
Let n = 354 + -137. What are the prime factors of n?
7, 31
Suppose -18*d = -16*d - 324. What are the prime factors of d?
2, 3
Suppose 0 = 2*k + 4*m + 10, -4*k + 0*m = -5*m - 19. List the prime factors of (k + 3)/(11/44).
2
List the prime factors of -2*(3 + (-51)/2).
3, 5
Suppose 3*c + d = 1, 0 = -5*c + 2*d - 3*d + 3. List the prime factors of -1*((-20)/c - -3).
17
Let c be 50/15 + 1/(-3). Let p be 1*2*(-1)/(-2). Suppose -p = -b + c. List the prime factors of b.
2
Suppose -8*p - 30 = -3*p. What are the prime factors of p/10*(-3 - 2)?
3
Let h(b) = -b**3 - 4*b**2 - 2*b - 1. Let c be h(-4). Suppose 3*g = c*g - 32. Let a(q) = -q**2 + 10*q - 12. What are the prime factors of a(g)?
2
Let p be 2/2 - 70/(-5). Suppose -3*l + p = 0, 0*w + 4*l + 6 = 2*w. List the prime factors of w.
13
Let x = 49 + -25. List the prime factors of x.
2, 3
Let d be (-50)/(-18) + (-22)/(-99). Suppose 2 = l - d. What are the prime factors of l?
5
Let d = -31 + 44. Suppose -s - l + 3 = 0, 0 = s + 2*l - 3*l - d. What are the prime factors of s?
2
Let n be -1 + 0 + -2 + 21. Let c = -7 + n. List the prime factors of c.
11
Let k(i) = 3*i**2 - 3*i**2 - 11*i**3. What are the prime factors of k(-1)?
11
Let v(q) be the second derivative of q**3/6 - 5*q**2/2 + q. Let f be v(6). What are the prime factors of (-5)/((2 - f) + -2)?
5
Let s(b) = b + 8. Let f be s(-7). Let l be (4 - 1) + f*2. What are the prime factors of ((-8)/5)/((-1)/l)?
2
Let a be 3*((-16)/(-6) + -3). Let h be (-63)/(-2 + a) + 1. Suppose -5*o + 3*o + h = 0. List the prime factors of o.
11
Suppose 0 = 2*s - 3*c - 150, 215 = 2*s + s - 2*c. Suppose -s = -8*t + 5*t. What are the prime factors of t?
23
Let m = 0 + 3. Suppose -2*a - 42 - 1 = -m*y, -3*y + 47 = 2*a. What are the prime factors of y?
3, 5
Let l(x) = -112*x + 12. Let m be l(-5). What are the prime factors of m/(-13)*(-2)/8?
11
Suppose 113 = q - 0*q + i, 0 = -4*q + 4*i + 436. What are the prime factors of q?
3, 37
Let i = -6 + 31. List the prime factors of i.
5
Suppose 3*r = 464 - 35. What are the prime factors of r?
11, 13
Let v be (-8)/(-14)*(-14)/(-4). Let n be (3/v)/(9/(-48)). Let f = n + 18. What are the prime factors of f?
2, 5
Let z(s) = 5*s - s + s - 5 - 7. Let t be z(10). Suppose -3*i + 1 = -t. What are the prime factors of i?
13
Let p(m) = 7*m**2 - 3*m + 4. Suppose 3*t + 2*t - 10 = 0. List the prime factors of p(t).
2, 13
Suppose 6*r - 912 = 396. List the prime factors of r.
2, 109
Let m(p) = 2*p**3 + 1 - 2*p**2 + 2*p - 3*p**3 + 4*p**2. List the prime factors of m(2).
5
Let s(h) be the third derivative of -h**4/24 + 4*h**3/3 + h**2. Let j be s(6). Suppose j = -q + 13. What are the prime factors of q?
11
Let v(j) = j**3 + 7*j**2 - 14*j - 4. What are the prime factors of v(-7)?
2, 47
Suppose 0 = -3*c + 105 + 48. Suppose -c = -4*v + v. List the prime factors of v.
17
Suppose -4*i = -113 - 263. What are the prime factors of i?
2, 47
Let j(k) = 3*k**2 - 2*k + 5. Let l(d) = 2*d**2 - 2*d + 5. Let i(f) = 5*j(f) - 6*l(f). What are the prime factors of i(3)?
2, 7
Let o(u) = u**2 + u - 1. Let h(g) = 7*g**2 + 13*g - 14. Let y(n) = -h(n) + 6*o(n). Let x be y(-8). Suppose x = 3*l - 0*l - 42. List the prime factors of l.
2, 7
Let m be (-4)/(-2) - (1 + 0). Suppose 0 = 3*q - 5 - m. List the prime factors of q.
2
Suppose -3*s - 2*s = 4*d + 2, 4*d + 2*s - 4 = 0. Suppose d*v + 45 = 5*u + v, -5*u + 45 = 3*v. What are the prime factors of u?
3
List the prime factors of (-18 - -6)*2*-1.
2, 3
Suppose -4*v + 0*v = 20. Let i(x) = -x**2 - 6*x + 3. List the prime factors of i(v).
2
Let a be ((-1)/(3/12))/(-1). Suppose -a*q = 5*z + 5 - 50, z = 4*q - 15. What are the prime factors of q?
5
Let c = 144 + -59. List the prime factors of c.
5, 17
Let u(l) = l**2 - 3*l + 4. What are the prime factors of u(7)?
2
Suppose 0 = -3*t - z + 70, -5*z + 110 = -2*t + 7*t. Suppose -o - 50 = -5*p - 2, -p + 5*o + t = 0. List the prime factors of p.
3
Suppose 12*h = 988 - 172. What are the prime factors of h?
2, 17
Let b be (-20)/6*(-12)/10. Suppose -24 = -q - 4*a, 4*q + 0*q - a = 28. Let s = q - b. List the prime factors of s.
2
Suppose -4*k + 16 = 3*a, 0*a = -4*k + 4*a - 12. Let f(i) = 13*i - 1. Let b be f(k). Suppose -d - 2*v - 16 = -4*d, 2*d - b = 2*v. List the prime factors of d.
2
Let t = -5 - -1. Let l = t - -7. What are the prime factors of 35/l + (-1)/(-3)?
2, 3
Let y = -8 + 3. Let i(n) = n**3 + 4*n**2 - 4*n + 1. Let w be i(y). List the prime factors of (-410)/(-35) - w/14.
2, 3
Suppose 2*v = 5*t - 25, 2*v = 4*v. Suppose -2*j - 6 - 15 = t*c, -2*c = -4*j - 6. Let r(p) = -6*p - 4. What are the prime factors of r(c)?
2, 7
Let m(l) = -l - 1. Let o be m(-4). List the prime factors of 3*(-3)/(0 - o).
3
What are the prime factors of (-2)/(-9) - (-878)/18?
7
Suppose 4*j + 12 = 3*n + 1, -2*n = j - 11. Let f = 17 - j. List the prime factors of f.
2
Let r(n) = -n**2 + 2*n + 1. Let f be r(3). Let b be (-4)/f + 4*2. Suppose -b = -2*z - 3*z. List the prime factors of z.
2
Let c(w) = -2*w - 6 + 8*w**2 + 0*w - 6*w - w**3 + 0. List the prime factors of c(6).
2, 3
Let t = 229 + 23. What are the prime factors of t?
2, 3, 7
Let x(c) = -5*c**3 + 9*c**2 - c - 7. What are the prime factors of x(-3)?
2, 53
Let k(q) = -3*q - 3. Let v be k(-6). Suppose v = 3*c + 3. What are the prime factors of c?
2
Suppose -4*r - 4*p + 2*p - 6 = 0, 0 = -4*p - 12. Suppose -5*h + 61 = 4*n, r = 6*n - n - h - 40. List the prime factors of n.
3
Let v(m) = -5*m**3 + 7*m**2 - m - 30. Let n(z) = 9*z**3 - 13*z**2 + 2*z + 59. Let j(f) = 6*n(f) + 11*v(f). List the prime factors of j(0).
2, 3
Let m be (-2)/(-3) + 86/6. What are the prime factors of 70*(m/6 - 2)?
5, 7
Let k = 109 + 47. List the prime factors of k.
2, 3, 13
Suppose 3*c - 82 = y, y - 8 = 5*c - 142. List the prime factors of c.
2, 13
Let o(z) = -44*z - 35. List the prime factors of o(-4).
3, 47
Suppose 4*l + l - 280 = -5*f, -5*l + 5*f + 300 = 0. What are the prime factors of l?
2, 29
Let q = 11 + -2. Suppose m = 4*k - 24, 2*m + q = 1. List the prime factors of k.
5
Suppose 0 = 3*v - 2 + 14. Let k(d) = -d**2 - 5*d - 1. Let b be k(v). Suppose 3*r = 18 + b. List the prime fac